{"id":99,"date":"2025-12-23T01:03:19","date_gmt":"2025-12-22T22:03:19","guid":{"rendered":"https:\/\/legal.castervibe.com\/?page_id=99"},"modified":"2025-12-23T01:03:21","modified_gmt":"2025-12-22T22:03:21","slug":"hesabinizi-yonetme","status":"publish","type":"page","link":"https:\/\/legal.castervibe.com\/index.php\/hesabinizi-yonetme\/","title":{"rendered":"Hesab\u0131n\u0131z\u0131 y\u00f6netme"},"content":{"rendered":"","protected":false},"excerpt":{"rendered":"","protected":false},"author":1,"featured_media":0,"parent":0,"menu_order":0,"comment_status":"closed","ping_status":"closed","template":"","meta":{"footnotes":""},"class_list":["post-99","page","type-page","status-publish","hentry"],"_links":{"self":[{"href":"https:\/\/legal.castervibe.com\/index.php\/wp-json\/wp\/v2\/pages\/99","targetHints":{"allow":["GET"]}}],"collection":[{"href":"https:\/\/legal.castervibe.com\/index.php\/wp-json\/wp\/v2\/pages"}],"about":[{"href":"https:\/\/legal.castervibe.com\/index.php\/wp-json\/wp\/v2\/types\/page"}],"author":[{"embeddable":true,"href":"https:\/\/legal.castervibe.com\/index.php\/wp-json\/wp\/v2\/users\/1"}],"replies":[{"embeddable":true,"href":"https:\/\/legal.castervibe.com\/index.php\/wp-json\/wp\/v2\/comments?post=99"}],"version-history":[{"count":1,"href":"https:\/\/legal.castervibe.com\/index.php\/wp-json\/wp\/v2\/pages\/99\/revisions"}],"predecessor-version":[{"id":100,"href":"https:\/\/legal.castervibe.com\/index.php\/wp-json\/wp\/v2\/pages\/99\/revisions\/100"}],"wp:attachment":[{"href":"https:\/\/legal.castervibe.com\/index.php\/wp-json\/wp\/v2\/media?parent=99"}],"curies":[{"name":"wp","href":"https:\/\/api.w.org\/{rel}","templated":true}]}}